{"id":107,"date":"2015-11-28T13:57:43","date_gmt":"2015-11-28T13:57:43","guid":{"rendered":"https:\/\/rebekkahermanmostert.wordpress.com\/?page_id=107"},"modified":"2015-11-28T13:57:43","modified_gmt":"2015-11-28T13:57:43","slug":"ochtendkoorts-2","status":"publish","type":"page","link":"https:\/\/www.rebekkahermanmostert.com\/?page_id=107","title":{"rendered":"Ochtendkoorts (2016)"},"content":{"rendered":"<p><img loading=\"lazy\" decoding=\"async\" class=\"  wp-image-112 alignright\" src=\"https:\/\/rebekkahermanmostert.files.wordpress.com\/2015\/11\/ochtendkoorts-omslag.jpg\" alt=\"Ochtendkoorts omslag\" width=\"292\" height=\"467\" \/><\/p>\n<p>Oorspronkelijk werk:<br \/>\nG\u00e1rdos, P\u00e9ter: <em>Hajnali L\u00e1z <\/em>(2010\/2015)<\/p>\n<p>Uit het Hongaars vertaald door Rebekka Herm\u00e1n Mostert<br \/>\nNederlandse uitgave: Ambo|Anthos uitgevers,\u00a0Amsterdam<\/p>\n","protected":false},"excerpt":{"rendered":"<p>Oorspronkelijk werk: G\u00e1rdos, P\u00e9ter: Hajnali L\u00e1z (2010\/2015) Uit het Hongaars vertaald door Rebekka Herm\u00e1n Mostert Nederlandse uitgave: Ambo|Anthos uitgevers,\u00a0Amsterdam<\/p>\n","protected":false},"author":1,"featured_media":0,"parent":0,"menu_order":6,"comment_status":"closed","ping_status":"closed","template":"","meta":{"footnotes":""},"class_list":["post-107","page","type-page","status-publish","hentry"],"_links":{"self":[{"href":"https:\/\/www.rebekkahermanmostert.com\/index.php?rest_route=\/wp\/v2\/pages\/107","targetHints":{"allow":["GET"]}}],"collection":[{"href":"https:\/\/www.rebekkahermanmostert.com\/index.php?rest_route=\/wp\/v2\/pages"}],"about":[{"href":"https:\/\/www.rebekkahermanmostert.com\/index.php?rest_route=\/wp\/v2\/types\/page"}],"author":[{"embeddable":true,"href":"https:\/\/www.rebekkahermanmostert.com\/index.php?rest_route=\/wp\/v2\/users\/1"}],"replies":[{"embeddable":true,"href":"https:\/\/www.rebekkahermanmostert.com\/index.php?rest_route=%2Fwp%2Fv2%2Fcomments&post=107"}],"version-history":[{"count":0,"href":"https:\/\/www.rebekkahermanmostert.com\/index.php?rest_route=\/wp\/v2\/pages\/107\/revisions"}],"wp:attachment":[{"href":"https:\/\/www.rebekkahermanmostert.com\/index.php?rest_route=%2Fwp%2Fv2%2Fmedia&parent=107"}],"curies":[{"name":"wp","href":"https:\/\/api.w.org\/{rel}","templated":true}]}}